?
2
Let s(c) = -2*c**3 - 10*c**2 - c - 2. What are the prime factors of s(-6)?
2, 19
Let t be 10/2 - (-4)/2. Let h be 4/(-14) - (-163)/t. Suppose 3*z - 4*z + 5*m = -h, -48 = -4*z - 2*m. List the prime factors of z.
13
Suppose 0*a - 5 = -a. Suppose -80 = a*z - 0*z. List the prime factors of (z/(-10))/(2/5).
2
What are the prime factors of 8*((-63)/(-12) + -3)?
2, 3
List the prime factors of ((-1005)/(-10) + 1 + -2)*2.
199
Let s(j) = -1 - 6*j - j - 3*j. Let w be 1 + (-2 - -1 - 1). List the prime factors of s(w).
3
Suppose -4*f = -1 - 23. Let k be (-8)/24 - (-182)/f. Suppose -4*h + k = -6. List the prime factors of h.
3
Let p(h) = h**2 + h - 10. What are the prime factors of p(8)?
2, 31
Suppose -2*v + 2*r = -110, -202 = -5*v + v - 2*r. What are the prime factors of v?
2, 13
Let c(u) = 45*u - 54. What are the prime factors of c(4)?
2, 3, 7
Suppose i + 0 + 13 = -4*t, 16 = -2*i - 3*t. Let m be (-32)/i - 4/10. Let a = m - 0. What are the prime factors of a?
2, 3
Let m be (-1 - -3) + 2*1. Suppose 0 = m*s + 83 - 11. List the prime factors of (-56)/21*s/4.
2, 3
Let o(m) = -5*m. Let f be o(-1). Suppose 4*u = 0, -f*u + 33 = 2*s + 5. What are the prime factors of s?
2, 7
Suppose 3*m = 2*k - 86, 2*k - 26 = m - 0*k. Let z = m - -65. What are the prime factors of z?
5, 7
Let o(u) = -u**3 + 7*u**2 - 2. Let v be o(7). Let f be (2/(-6))/(v/24). Let j(b) = -b**3 + 4*b**2 + b + 4. List the prime factors of j(f).
2
Let l(x) = x**3 - 7*x**2 - 7*x - 6. Let h be l(8). Let q be 20/(-6) + h/(-3). Let i = 8 + q. What are the prime factors of i?
2
Let s = 22 + -6. Let z be (7 + 2)/(-3) + 7. Suppose 0*k = z*k - s. What are the prime factors of k?
2
Let c(q) = 4*q**2 + q. List the prime factors of c(-4).
2, 3, 5
What are the prime factors of (190/(-6))/((-2)/6)?
5, 19
Let n(i) = 8*i**2 - 2*i + 2. List the prime factors of n(1).
2
Let t(g) = -g**3 + 3*g + 2. What are the prime factors of t(-4)?
2, 3
Let j = 37 + -4. What are the prime factors of j?
3, 11
Suppose -3*p + 0*p = -4*u - 62, 0 = -3*p - 2*u + 68. Suppose p = 2*r - 2. Suppose b + 3*b - r = 0. List the prime factors of b.
3
Let b = -32 + 58. List the prime factors of b.
2, 13
Let s(n) = 23*n**3 - 2*n**2 + 1. Let b be s(-1). Let z be (-42)/(-5)*(-80)/b. Suppose z = x + x. What are the prime factors of x?
2, 7
Let q = 6 - -1. Suppose x - 4 = q. Let n = -3 + x. What are the prime factors of n?
2
Let w = 4 - -4. Suppose -l - w = -24. List the prime factors of l.
2
Suppose -5*t + 15 = -5*n, 2*t - 2*n - 2*n = 4. What are the prime factors of t?
2
Let f be 8/(-28) + (-506)/(-7). Suppose 8*v = 5*v + f. List the prime factors of v.
2, 3
List the prime factors of (-9)/11 - -1 - (-72346)/671.
2, 3
List the prime factors of (910/30)/(((-2)/2)/(-3)).
7, 13
Let w(r) = r**3 - 8*r**2 + 9*r - 10. Let j be w(7). Suppose 5*v + j*a = v + 12, -v = -2*a - 15. What are the prime factors of v?
7
Suppose 2*m - m - 1 = 0. Suppose 0 = x - 5 - m. Let a = x + 5. List the prime factors of a.
11
Suppose 0*l = l - 5*n - 328, -3*l + 1016 = n. What are the prime factors of l?
2, 13
Let p = -4 + 6. Suppose -p*c + 27 = x, -4*x + 9 = 5*c - 84. What are the prime factors of x?
17
Suppose -4*d = -d - 6. Let w = 4 - d. What are the prime factors of (-1)/((-54)/26 + w)?
13
Let m be 3*(-1 - 0)*-1. Let f(c) = c**3 - 2*c**2 - 3*c + 4. What are the prime factors of f(m)?
2
Suppose 5*i = -2*v + 45, 0 = -2*v - 2*i + 7 + 29. Suppose 3*t - 57 + v = 0. List the prime factors of t.
2, 7
Suppose 2*x = -5*m + 39 - 11, 3*m - 4*x + 4 = 0. Suppose -n = -3*b - 2, -17 = -b + m*b - 4*n. List the prime factors of 10 - (b - 1 - -1).
3
Suppose -3*d - 2*d = -20. Suppose -d*s - v + 428 = 109, -2*v = 5*s - 398. Suppose -s = -4*o - o. What are the prime factors of o?
2
Suppose -24 = 5*u - 84. List the prime factors of u.
2, 3
List the prime factors of (-362)/(-8) + (-2)/8.
3, 5
Let x(d) = -d**3 - 22*d**2 - 21*d + 8. What are the prime factors of x(-21)?
2
Let l(z) = -z**2 - 8*z - 1. Let s be l(-8). Let p be (-3 - 0)/((-1)/s). What are the prime factors of 116/12 - (-2)/p?
3
Let x(q) = q**2 - q. Let z be x(-1). Suppose 0 = z*u + 2*u - 36. Suppose -3*h + u = 4*p, -2*h - 4 - 12 = -p. List the prime factors of p.
2, 3
Let w be (1 - (3 - 3)) + -1. Suppose w = a + 6 - 51. What are the prime factors of a?
3, 5
Let w = 7 + -6. Suppose -2*p + 25 = w. List the prime factors of p.
2, 3
Suppose 5*t - 2*s = 65, 2*s = 6*s. What are the prime factors of t?
13
Suppose -8 = -2*v + 3*x - 20, -2*v + 12 = 3*x. Suppose 5*c = 4 + 6. Suppose v = -c*q + 11 - 1. List the prime factors of q.
5
Let j(r) = -8*r**2 - 1 + 6 - 4*r + 2*r**2 + 5*r**2. List the prime factors of j(-4).
5
Let w be 14 + -4 - (0 + 1). Suppose -1 = 4*u - w. List the prime factors of u.
2
Suppose -1 = -4*m - 5*y + 6, y - 3 = 0. Let t = 5 + m. What are the prime factors of t?
3
Let o(m) = 3*m**3 - 5*m**2 + 3*m + 2. List the prime factors of o(3).
47
Let f = 5 - 6. Let p be (0 - (-2)/f) + 9. Suppose r - 2*r = -p. What are the prime factors of r?
7
Suppose 60 = 7*u - 3*u. Let p = u + -1. Suppose -6 = q - p. List the prime factors of q.
2
Let l(n) = -21*n - 3. List the prime factors of l(-2).
3, 13
What are the prime factors of 14/35*(477 + (2 - -1))?
2, 3
Suppose -5*a + 12 = -a. Let s(n) = -4*n**3 + 2*n - n**2 + 11 - a*n + 5*n**3. What are the prime factors of s(0)?
11
Suppose -5*z + 5*y + 85 - 30 = 0, -2*z + 16 = y. List the prime factors of (-2)/2*(-288)/z.
2
List the prime factors of (12/9)/((-3)/(-153)).
2, 17
Let y(o) = 5*o**2 - 7*o - 17. What are the prime factors of y(6)?
11
Suppose k - 68 = -5*r + 5*k, 2*r - 4*k = 20. Suppose -5*f = -r - 9. Suppose f*l + 7 = 112. List the prime factors of l.
3, 7
Let v(z) = -z**3 - 10*z**2 - 10*z + 3. Suppose 4*s + 65 = -5*r, 5*r + 22 = -s - 28. What are the prime factors of v(r)?
2, 3
Suppose k + 6 = 3*a - 2, 5*k = -a + 8. Suppose 0 = a*w + 12 - 45. List the prime factors of w.
11
Suppose -2*y + 8 = -5*l - 0, -l = -2*y + 8. Suppose t + t = r + 12, -5*r + 24 = y*t. List the prime factors of t.
2, 3
Let k be -8*((-2)/1)/4. Suppose 0 = 3*h - 5 - k. What are the prime factors of h?
3
Let r = -15 + 9. What are the prime factors of (60/5)/(r/(-4))?
2
Suppose -2*a + 4*z = 0, 3*a + z - 14 = -0*z. Suppose 1 = -b + 2*j, -a*j + j = -3*b + 12. List the prime factors of b.
3
Let g(w) be the third derivative of -w**6/120 + w**5/6 - w**4/3 - 7*w**3/6 + 8*w**2. List the prime factors of g(9).
2
Let m(n) = -3*n - 2. Let r be m(2). What are the prime factors of 2/(-8) + (-106)/r?
13
List the prime factors of 114/10 + (-3)/(-5).
2, 3
Let m(g) = 2*g**2 - 2*g - 5. What are the prime factors of m(7)?
79
Let z be -8*1*(2 + -1). Let k(f) = f**3 + 8*f**2 - 2*f + 1. What are the prime factors of k(z)?
17
Suppose -3*v = 3*s - 0*s - 12, 0 = -4*v + 3*s + 9. Suppose 3*m = j + 37, 2*j = v*m - 22 - 19. List the prime factors of m.
11
Suppose 7*p = -10 + 150. Suppose j + 2*r - 45 + 16 = 0, -p = -5*r. List the prime factors of j.
3, 7
Suppose -3*c = -0*c - 99. List the prime factors of c.
3, 11
Suppose 0 = v + 3*v - 12. Suppose -4*r + 57 = -v*f, -12 + 31 = r + 4*f. What are the prime factors of r?
3, 5
Suppose 3*l = 5*l - 90. Suppose 11 = 2*k - l. List the prime factors of k.
2, 7
Suppose 41 = 3*l - 28. What are the prime factors of l?
23
Let q(a) = 13*a. Let k be q(2). Suppose 5*n + k = 271. What are the prime factors of n?
7
Let d be (2 - 0) + (-8 - 1). Let p(w) be the second derivative of w**4/12 + 7*w**3/6 + 5*w**2 - 8*w. What are the prime factors of p(d)?
2, 5
Suppose 0*p - 3*q = 4*p - 286, -3*q + 76 = p. Suppose -3*v + x - 14 = -p, -10 = 2*x. List the prime factors of v.
17
Suppose -2*w - 3*v = -v - 10, w = -4*v + 14. Suppose -2*d + d = 2*s - 12, 3*d + w*s = 36. List the prime factors of d.
2, 3
Let c(v) = v**3 + 2*v**2 + 3*v - 4. List the prime factors of c(3).
2, 5
Suppose -25*o + 9 = -24*o. List the prime factors of o.
3
Let z = 4 + 1. Suppose -z*m + 11 = 5*k - 4*k, 0 = 2*k - m - 44. List the prime factors of k.
3, 7
Let d be 1 + 1 + 1*-4. Let j = 2 - d. What are the prime factors of j?
2
Suppose 0 = 4*q - 62 - 14. List the prime factors of q.
19
Let f(z) = 3*z**2 - 7. Let i(o) = -o**2. Let c = 2 + -1. Let w(t) = c*f(t) + 2*i(t). List the prime factors of w(5).
2, 3
Suppose -2*i = -i - 22. List the prime factors of i